e the prime factors of ((8*12207/104)/(-1))/(1/(-5))?
3, 5, 313
Let d(b) = b**3 + 4*b**2 - 7*b - 5. Let m be d(-5). Let n(r) = 16 - 12*r**2 - 1 + 5*r + 30 + 13*r**2 - 10. List the prime factors of n(m).
5, 17
Let p be 20/110 - (-126)/33. Suppose 158 = q + p*h, 2*q - h = 4*q - 281. What are the prime factors of q?
2, 3, 23
Let z(o) be the second derivative of o**5/5 - 5*o**4/12 + 11*o**3/6 - 14*o**2 - o - 232. List the prime factors of z(6).
2, 19
Suppose -5*b + 46 + 4 = v, 2*v = 0. Let n be 6*1/4*b*5. Suppose -n = 7*y - 10*y. What are the prime factors of y?
5
Suppose -2*m + l = -3*m - 1270, 0 = 3*m + 2*l + 3813. Let z = -495 - m. List the prime factors of z.
2, 389
Suppose -48*n + 27*n + 22889 = -31606. What are the prime factors of n?
3, 5, 173
Suppose 133*w = 118*w + 94800. What are the prime factors of w?
2, 5, 79
Let b(q) = -3*q + 13*q + 5*q**2 - 797*q**3 - 332*q**3 + 2 - 5*q. List the prime factors of b(-1).
3, 13, 29
Let c = -2599 + 3259. List the prime factors of c.
2, 3, 5, 11
Let r = 36945 - 25356. List the prime factors of r.
3, 3863
What are the prime factors of 14/(-1 + (-411)/(-408)) + 8?
2, 239
Suppose -15*t = -69*t + 270. Suppose 3*r - 8*r - 5610 = -t*u, u - 1126 = -r. What are the prime factors of u?
2, 281
Let l be (1506/9)/((-9)/(-432)). Suppose -21285 - l = -19*g. List the prime factors of g.
1543
Let a = -286 + 613. Suppose -31*t + 28*t + a = -3*d, 3*d - 243 = -2*t. List the prime factors of t.
2, 3, 19
Suppose -17*n - 10587 + 33909 = -34087. What are the prime factors of n?
11, 307
Let g(x) = 8*x + 10 + 10*x + x**2 - 8*x. Let c(s) = -3*s**3 + 9*s**2 - 11*s + 19. Let j be c(3). List the prime factors of g(j).
2, 3, 11
Let a = 122 - 140. Let x(i) = i**3 + 21*i**2 + 44*i + 10. Let o be x(a). Suppose t - r - o = 0, 4*r = -3*t + 770 - 193. What are the prime factors of t?
191
List the prime factors of (27/(-2))/((-51)/95132).
2, 3, 1399
Let d = -3984 - -13742. List the prime factors of d.
2, 7, 17, 41
What are the prime factors of (-5540037)/(-2385) - 2/(-15)?
23, 101
List the prime factors of ((-61686)/6 + -7)/(-6 + 4).
2, 643
Let m = -262 - -270. List the prime factors of (-4 + (27712/20)/m)*5.
2, 3, 47
Suppose 10*n = 26 + 44. Let c be (1*-2)/(8/(n - 23)). Suppose -c*y - 2*q + 208 = 0, 324 = 4*y + 3*q + 112. List the prime factors of y.
2, 5
Suppose -4*q = -9 - 23. Suppose 5*j - 28 = 2*x + x, -2*j = 2*x - q. What are the prime factors of (-1)/(-1)*-81*x/1?
3
Let b be (-204)/85*1/(-2)*5. Let s(g) = 100*g - 24. What are the prime factors of s(b)?
2, 3
Let u(z) = 2143*z**2 - 13*z + 12. Let o be u(1). Suppose -14*g = -0*g - o. What are the prime factors of g?
3, 17
Suppose 0 = p - 2*k - 440, -2*k - 882 = -2*p + 3*k. Let r = p - 209. What are the prime factors of r?
227
List the prime factors of (75/10)/((-2)/20)*-61.
3, 5, 61
Let p be (220 - 1)*84/(-63). List the prime factors of (7 - p/(-28))/(2/(-7)).
2, 3
Suppose 0*b + 252 = 21*b. Suppose -b*n + 797 = -7471. What are the prime factors of n?
13, 53
Let a(h) = -27*h**3 - 3*h - 2. Let o be a(-1). Suppose 0 = -3*y - q - 3*q + o, -5*q = -20. Suppose -4*w + j = -21, y*w = 3*w - 5*j. List the prime factors of w.
5
Let o = 337 + -220. What are the prime factors of o?
3, 13
Let d = 205 - 202. Suppose 2*z + 0*o - 989 = 3*o, -d*o + 9 = 0. List the prime factors of z.
499
Let k = -180 - -17088. List the prime factors of k.
2, 3, 1409
Let g(i) be the third derivative of 19*i**4/6 + 22*i**3 - 79*i**2. What are the prime factors of g(12)?
2, 3, 29
List the prime factors of (-504112)/(-294)*(-6)/(-4).
2, 643
Suppose -11*v + 69*v = -23*v + 2757078. List the prime factors of v.
2, 3, 31, 61
Suppose 4*w - 71 = 437. Let z be (0 + (-9)/2)*(-4)/6. Suppose z*a = b - 91, 6*a - a = -2*b + w. List the prime factors of b.
2, 19
Suppose 0 = 4*u + 444 + 196. Let q be (-5 - -2)*u/15. List the prime factors of 1/4 + 3576/q.
2, 7
Let d be 16/(-4)*(-554)/(-4). Let r = d + 828. What are the prime factors of r?
2, 137
Let r(p) be the third derivative of -p**6/120 + p**5/60 - 5*p**4/24 + 15*p**2 - 20. Let j = 3 + -7. What are the prime factors of r(j)?
2, 5
Suppose 157*a - 159*a = -w - 64440, -3*a + w + 96657 = 0. List the prime factors of a.
3, 10739
Let z(b) = -b**3 - 9*b**2 - 11*b - 5. Let i = 191 - 202. What are the prime factors of z(i)?
2, 179
Let p(l) = -l**2 + 10*l + 28. Let x be p(12). Let d = 59 - 57. Suppose -4*z + x*u - d*u = -754, -4*z + 745 = u. List the prime factors of z.
11, 17
Suppose -116 = -4*y + 4*p + 412, -y + 134 = p. Let a = y + -123. Suppose -16*i + a*i + 858 = 0. List the prime factors of i.
11, 13
List the prime factors of 517833/36 + (-66)/(-88).
3, 5, 7, 137
Suppose 7*s = -9 + 23. Suppose -5*h = 5*t - 1575, -s*t + 2*h = -2*h - 630. What are the prime factors of t?
3, 5, 7
Suppose -86*s + 82*s + 244 = 0. Let i = 829 + s. What are the prime factors of i?
2, 5, 89
Let n(b) = 10*b**2 + 6*b - 57*b**3 - 13*b**2 - 3*b - 4*b. What are the prime factors of n(-2)?
2, 223
Let w(u) = u**2 + u + 15. Let t be w(0). Let l = t - -66. Suppose z - l = -62. What are the prime factors of z?
19
Let m = 130 - 95. Let d be (-2 + -1)/((-135)/m - -4). Let x(n) = -n**3 - 22*n**2 - 29*n - 25. List the prime factors of x(d).
11, 13
What are the prime factors of ((-142288)/(-14 + 6))/1?
2, 8893
Let d = -1756 + 3245. Suppose -5*k = 4*v - 1161, -4*k + d = 4*v + 329. Suppose 7*o - v = 271. List the prime factors of o.
2, 5
List the prime factors of (-63)/9 - -20 - -5662.
5, 227
What are the prime factors of 709317/81 - (2 + (0 - -1))?
2, 3, 1459
Suppose -13*v - 3*c = -12*v - 12199, 0 = -2*v + 6*c + 24350. List the prime factors of v.
7, 1741
Let p(r) = -r**2 - 50*r + 287. Let z be p(5). Suppose 4 - z = -2*b, 0 = 4*l - 2*b - 1048. List the prime factors of l.
2, 3, 11
Let g = 513 - 507. What are the prime factors of 1/(15/10*g/5571)?
619
Suppose -2*g - 3*j = -28314, 6*g - 7*g - 2*j + 14156 = 0. List the prime factors of g.
2, 3, 5, 59
Let f(x) = x**3 + 12*x**2 + 28*x - 3. Let r be ((-6)/24 - 26/(-8))*-3. Let v be f(r). Let n(d) = -d**2 - 16*d + 6. List the prime factors of n(v).
2, 3
Suppose -18*y = -19*y + 34. Suppose i - 4*t - 2 = -0*t, -4*t = i - y. Suppose -14*r + i*r - 248 = 0. List the prime factors of r.
2, 31
Suppose -16*d + 13*d - 2087 = 2*g, -1044 = g + 2*d. List the prime factors of (-18)/45 - g/5.
2, 13
Let b = -51 - -53. Suppose 0 = -4*z + 2*c + b*c - 1476, c - 1479 = 4*z. Let q = -170 - z. List the prime factors of q.
2, 5
Suppose -5*x = -16*o + 11*o + 5, -3*x - 3*o - 9 = 0. List the prime factors of (3/6)/(x/(-1036)).
7, 37
Let z = 8033 + -3138. List the prime factors of z.
5, 11, 89
What are the prime factors of -1023*(-3001)/69 + (-10)/115?
3, 14831
Suppose -5*r = -5*d - 0*r, 3*d - 4*r + 5 = 0. Suppose 3*o - 2*v + 6*v = 2627, -d*o - 5*v + 4370 = 0. List the prime factors of o.
11, 79
Suppose -j - 3891 = -3*v, -4*v + 5*j + 644 + 4533 = 0. List the prime factors of v.
2, 11, 59
Let k be 3 + (-9)/(-15) - (-10)/25. Suppose 3 + 137 = k*f. List the prime factors of f.
5, 7
Suppose 2*t + t - 1359180 = -51*t. What are the prime factors of t?
2, 3, 5, 839
Suppose -3*t + 3 = -2*t. Suppose -6*q - 1546 = 4*l - q, -t*l + 3*q - 1146 = 0. Let n = -262 - l. What are the prime factors of n?
2, 61
Let g = -94 + 97. Suppose 0 = 4*y, g*x - 6*x + 4*y + 1638 = 0. What are the prime factors of x?
2, 3, 7, 13
Suppose -570*f - 96516 = -584*f. List the prime factors of f.
2, 3, 383
Let g(p) = -109*p - 417. What are the prime factors of g(-52)?
59, 89
Suppose 3*l - 9 = -3. Let y(k) = 92*k - 1. Let w be y(1). Suppose -l*f = -w - 77. List the prime factors of f.
2, 3, 7
Suppose 0 = -w - 1, w + 21 = 4*g - 4*w. Suppose g*p - 340 = -4*c, 0*c - 3*c = -3*p - 231. Let t = c + 43. What are the prime factors of t?
2, 31
Suppose -5*p + 177 = -4*w - 173, -2 = -p. Let q be 8/((4/(-102))/(-1)). What are the prime factors of (q/w)/(2/(-65))?
2, 3, 13
Suppose 4*g + 3*j + 7 = 2*j, 2*g + 7 = 3*j. List the prime factors of -2 - 3 - g - -171.
2, 3, 7
Let k(v) = v**2 - 2*v + 4724. What are the prime factors of k(0)?
2, 1181
Let q = -328 + 328. Suppose -c - 2*l + 241 = q, 0*c + c = 3*l + 266. What are the prime factors of c?
251
Suppose 0 = -10*t + 12*t - 22. Suppose -8*q = -4*r - t*q - 10, -r = q + 3. What are the prime factors of -3 + (0 -